Let d(z) = -19*z - 90. Give d(-4).
-14
Let l(v) = 2*v**3 + 9*v**2 - v + 5. What is l(-4)?
25
Let m(k) = 2*k**2 - 17*k - 23. Determine m(10).
7
Let i(c) = 11*c**2 - 122*c + 24. Determine i(11).
13
Let x(f) = -3*f**2 - 7*f - 5. Determine x(-4).
-25
Let i(m) = 8*m**3 - 2*m**2 - 3. Calculate i(-2).
-75
Let g(j) = -j**2 + 4*j - 2. Determine g(5).
-7
Let c(m) = -m**2 + 15*m - 16. Determine c(13).
10
Let o(k) = k**2 + 4*k - 8. Determine o(-5).
-3
Let s(l) = 33*l**2 - 3*l - 1. What is s(-1)?
35
Let a(v) = -v**3 + 12*v**2 + 11*v + 32. Give a(13).
6
Let a(o) = 12*o - 203. What is a(17)?
1
Let u(o) = -8*o**2 - 4*o - 2. What is u(-2)?
-26
Let z(l) = l**2 - 12*l + 10. Give z(8).
-22
Let i(d) = -d**3 - 7*d**2 - 4*d + 4. Calculate i(-4).
-28
Let m(p) = p + 14. Calculate m(-11).
3
Let f(c) = c**2 + 8*c - 10. What is f(-10)?
10
Let z(p) = p**3 + 6*p**2 + 8*p + 7. Determine z(-4).
7
Let x(c) = 10*c**2 + 2*c + 2. Determine x(-2).
38
Let m(t) = 24*t**3 - t**2 - 2*t - 1. Give m(-1).
-24
Let m(r) = -r**3 - 7*r**2 + 20*r + 22. Calculate m(-9).
4
Let t(f) = 2*f**2 + 23*f + 24. Determine t(-10).
-6
Let a(r) = 3*r**2 - 4*r + 1. Calculate a(3).
16
Let b(o) = -2*o - 27. What is b(-15)?
3
Let p(r) = -2*r**3 - 3*r**2 + 11*r - 1. Determine p(-4).
35
Let l(w) = w**3 + 25*w**2 + 24*w - 1. Determine l(-24).
-1
Let x(n) = 3*n + 52. Calculate x(-17).
1
Let s(k) = 4*k - 24. What is s(-5)?
-44
Let k(i) = -i**2 - i - 5. Determine k(5).
-35
Let p(h) = h**2. What is p(-1)?
1
Let l(h) = -h**3 + 7*h**2 + 2*h - 14. Determine l(7).
0
Let s(o) = o**3 - 7*o**2 - o - 7. Determine s(7).
-14
Let n(u) = -69*u + 1. Calculate n(2).
-137
Let v(i) = 5*i**2 + 4*i - 3. Determine v(1).
6
Let g(b) = b**3 - 4*b**2 - 8*b + 3. Determine g(5).
-12
Let c(t) = -t**3 + 16*t**2 - 55*t - 3. What is c(11)?
-3
Let y(s) = -s**3 - 4*s**2 + 36*s + 19. Give y(-8).
-13
Let x(q) = 3*q - 11. Give x(-5).
-26
Let i(s) = s**2 - s + 2. Determine i(0).
2
Let h(k) = k**3 - 13*k**2 - 14*k - 5. Determine h(14).
-5
Let b(u) = -18*u + 627. Calculate b(35).
-3
Let c(n) = -n**3 - 10*n**2 - 2*n - 17. Calculate c(-10).
3
Let s(n) = n**3 + n**2 - 2*n - 1. What is s(-1)?
1
Let i(o) = -49*o - 7. What is i(-1)?
42
Let s(w) = w. Give s(-13).
-13
Let f(u) = u**2 - 17*u + 14. What is f(15)?
-16
Let h(l) = l**2 - 8*l + 10. Calculate h(11).
43
Let m(o) = -o**3 - 9*o**2 - 11*o - 25. Calculate m(-8).
-1
Let k(d) = -d**2 + 3. What is k(-2)?
-1
Let z(h) = h**2 + 9*h + 14. Calculate z(-10).
24
Let w(i) = 137*i + 687. Give w(-5).
2
Let k(y) = -y**3 - 8*y**2 - 7*y + 8. What is k(-4)?
-28
Let x(r) = -r**2 - 3*r. Determine x(-5).
-10
Let t(i) = 9*i + 140. Calculate t(-20).
-40
Let c(m) = -m**3 + 5*m**2 + 2*m + 11. What is c(5)?
21
Let v(k) = k**3 + 8*k**2 + k - 14. What is v(-7)?
28
Let s(u) = -u**2 + 6*u + 1. Determine s(4).
9
Let f(j) = 30*j + 286. Give f(-10).
-14
Let z(o) = 2*o - 19. Calculate z(28).
37
Let h(j) = -j**2 + 12*j - 20. Give h(7).
15
Let b(q) = -3*q + 1. Calculate b(-4).
13
Let d(v) = -7*v + 4. Give d(3).
-17
Let l(d) = 10*d + 5. What is l(0)?
5
Let x(b) = -2*b - 3. What is x(6)?
-15
Let b(r) = -16*r + 382. What is b(24)?
-2
Let w(j) = -3*j**3 + 5*j**2 - 3*j - 2. Calculate w(3).
-47
Let x(o) = -o**2 + 4*o + 10. Determine x(-4).
-22
Let a(n) = -38*n**2 - 38*n + 1. Give a(-1).
1
Let c(q) = -q**2 - 9*q + 16. Give c(-10).
6
Let z(s) = -6*s. Determine z(0).
0
Let x(q) = q**2 - 34. Give x(6).
2
Let j(d) = -5*d**3 - 3*d**2 + 8*d - 6. Determine j(3).
-144
Let a(j) = j**2 - 7*j + 5. Give a(7).
5
Let p(n) = -n**2 - 5*n - 12. Give p(-3).
-6
Let k(b) = -2*b**2 - 6*b + 10. Give k(2).
-10
Let q(y) = 2*y + 32. Calculate q(-23).
-14
Let h(z) = -2*z**2 - 2*z + 2. What is h(4)?
-38
Let a(x) = -x**3 - 8*x**2 + 11*x + 2. Calculate a(-9).
-16
Let d(y) = 2*y**2 - 34*y + 127. Calculate d(11).
-5
Let g(p) = 9*p - 80. Calculate g(9).
1
Let m(v) = -2*v**2 - 13*v + 18. What is m(-8)?
-6
Let l(y) = -3*y - 1. Give l(-7).
20
Let y(j) = -j**2 + 3*j - 7. Give y(2).
-5
Let t(z) = 3*z - 57. Determine t(11).
-24
Let f(m) = -m**3 - 3*m**2. Calculate f(-3).
0
Let m(w) = w**3 - 6*w**2 + 4*w - 4. Determine m(5).
-9
Let x(i) = -2*i**2 + i + 3. What is x(2)?
-3
Let a(o) = 23*o - 4. Calculate a(3).
65
Let l(c) = 12*c**2 + c. Determine l(2).
50
Let d(j) = 14*j + 2. Calculate d(-1).
-12
Let a(z) = -z**2 + 2*z - 21. Calculate a(7).
-56
Let x(w) = 16*w + 19. What is x(-1)?
3
Let y(w) = -w**3 + 6*w**2 - 15*w. Determine y(4).
-28
Let f(m) = -9*m + 86. Calculate f(9).
5
Let n(b) = 2*b**2 + 14*b + 10. Determine n(-8).
26
Let b(r) = -9*r - 3. Calculate b(4).
-39
Let l(y) = -y**2 - 6*y + 2. Determine l(-5).
7
Let s(f) = f**3 + 6*f**2 + 6*f + 5. What is s(-5)?
0
Let w(y) = y**2 - 32*y + 245. What is w(18)?
-7
Let z(k) = k**2 + 9*k + 17. Calculate z(-7).
3
Let w(t) = 12*t - 23. Give w(2).
1
Let t(v) = -v**3 - 3*v**2 - v + 2. Determine t(-2).
0
Let f(i) = i**2 - 16*i - 21. Give f(18).
15
Let b(g) = 4*g**2 - 4*g - 3. Give b(-2).
21
Let y(s) = s**2 - 14*s + 45. Calculate y(6).
-3
Let o(p) = p + 9. Calculate o(-9).
0
Let f(x) = 15*x - 123. Determine f(10).
27
Let v(a) = a**3 - 5*a**2 + 3*a + 3. Give v(4).
-1
Let r(x) = x**3 + 10*x**2 + 7*x + 2. Calculate r(-9).
20
Let a(s) = 2*s + 31. What is a(-8)?
15
Let w(g) = g**3 + 14*g**2 + g - 16. Determine w(-14).
-30
Let o(x) = 30*x - 148. Determine o(5).
2
Let s(i) = -i**2 + 26*i - 143. Determine s(19).
-10
Let m(j) = -j**2 + 11*j - 10. Determine m(4).
18
Let n(c) = c + 13. What is n(-7)?
6
Let m(l) = -l**3 + 2*l**2 + 16*l - 5. What is m(5)?
0
Let g(d) = d + 19. Determine g(0).
19
Let h(r) = r**3 - 8*r**2 + 8*r + 4. Calculate h(7).
11
Let j(l) = -l**2 - 9*l - 25. Determine j(-4).
-5
Let i(f) = -f**2 + 10*f - 39. What is i(3)?
-18
Let u(i) = 3*i + 62. Determine u(-19).
5
Let a(k) = 2*k + 16. Calculate a(-5).
6
Let s(r) = -24*r - 568. What is s(-24)?
8
Let c(f) = 6*f + 131. Give c(-15).
41
Let o(r) = 2*r**2 + 24*r + 67. Calculate o(-4).
3
Let a(l) = 5*l + 18. What is a(-12)?
-42
Let n(x) = 4*x**2 - 2*x + 3. What is n(2)?
15
Let s(g) = -g**2 - 6*g + 9. Determine s(2).
-7
Let i(p) = -5*p - 6. Determine i(-4).
14
Let p(k) = -6*k**2 + 10*k + 6. Determine p(4).
-50
Let m(t) = -t + 10. What is m(3)?
7
Let o(i) = -6*i - 10. What is o(-6)?
26
Let h(t) = -2*t**2 - 22*t. Give h(-11).
0
Let v(y) = -7*y**2 + 5*y - 4. What is v(1)?
-6
Let x(k) = 2*k - 19. Determine x(14).
9
Let s(k) = 3*k - 30. Calculate s(11).
3
Let j(t) = t**3 + 5*t**2 - 3*t - 7. Calculate j(-5).
8
Let l(n) = -2*n - 24. What is l(-6)?
-12
Let o(m) = -4*m - 26. Calculate o(-12).
22
Let w(y) = 2*y**3 - 2*y**2 - y - 2. What is w(-2)?
-24
Let r(n) = 2*n**2 + 10*n + 2. Determine r(-5).
2
Let y(a) = a**3 - 3*a**2 + 5*a - 5. Determine y(2).
1
Let g(a) = -a**2 + 16*a + 107. Give g(21).
2
Let f(u) = -u**3 + 13*u**2 + 27*u + 23. Calculate f(15).
-22
Let q(y) = 5*y**2 + 1. Calculate q(-1).
6
Let p(l) = -2*l - 16. Determine p(-7).
-2
Let i(a) = -a - 6. Give i(-7).
1
Let r(k) = 6*k**2 - 6. Determine r(-2).
18
Let h(q) = q**2 + 11*q - 67. Calculate h(-16).
13
Let c(k) = -k**3 + 3*k**2 + 10*k + 9. What is c(5)?
9
Let u(h) = -h**3 + 21*h**2 - 33*h - 100. Determine u(19).
-5
Let t(b) = -2*b**3 - 3*b**2 + 5*b + 10. What is t(-2)?
4
Let h(k) = -k**2 + 4*k + 2. Give h(6).
-10
Let a(b) = 7*b**2 - 3*b + 2. Give a(1).
6
Let u(q) = -17*q**3 - 2*q + 2. Determine u(1).
-17
Let a(p) = -p**2 + 5*p - 24. Determine a(7).
-38
Let z(u) = u**3 + 17*u**2 + 18*u + 20. Give z(-16).
-12
Let n(x) = x + 11. Calculate n(-2).
9
Let v(j) = j**2 + 9*j - 7. Determine v(-10).
3
Let b(t) = t**2 + 8*t + 3. Give b(-10).
23
Let y(h) = h - 15. Give y(-13).
-28
Let l(i) = -24*i**3 - 3*i**2 + 16*i + 18. Calculate l(-1).
23
Let g(d) = -d**3 + 5*d**2 - 2*d + 11. Determine g(5).
1
Let i(l) = -l**3 - l**2 - 2*l + 10. What is i(0)?
10
Let j(n) = n**3 - 2*n + 10. Give j(0).
10
Let v(r) = -5*r**2 + 10*r - 9. Calculate v(1).
-4
Let o(y) = -y**3 - 3*y**2 + 461*y + 21. Calculate o(-23).
-2
Let n(x) = x**2 + 11*x - 121. Calculate n(-18).
5
Let l(w) = -w + 1. What is l(-3)?
4
Let p(f) = -2*f**2 - 12*f + 2. Determine p(-2).
18
Let o(g) = g**3 - 10*g**2 + 9*g + 10. Determine o(9).
10
Let r(g) = 3*g**3 - 3*g**2 + g + 5. Give r(2).
19
Let o(v) = -v**2 - 5*v + 12. Determine o(4).
-24
Let a(p) = p + 15. What is a(-4)?
11
Let w(d) = -d + 9. Determine w(7).
2